{"id":16392,"date":"2021-01-04T18:04:47","date_gmt":"2021-01-04T17:04:47","guid":{"rendered":"https:\/\/www.denktrainer.at\/?page_id=16392"},"modified":"2024-01-16T10:47:41","modified_gmt":"2024-01-16T09:47:41","slug":"durchfuehrungsmoeglichkeiten","status":"publish","type":"page","link":"https:\/\/www.denktrainer.at\/?page_id=16392","title":{"rendered":"Durchf\u00fchrungsm\u00f6glichkeiten"},"content":{"rendered":"<p>[vc_row css_animation=&#8220;&#8220; row_type=&#8220;row&#8220; use_row_as_full_screen_section=&#8220;no&#8220; type=&#8220;full_width&#8220; angled_section=&#8220;no&#8220; text_align=&#8220;left&#8220; background_image_as_pattern=&#8220;without_pattern&#8220;][vc_column][layerslider_vc id=&#8220;8&#8243;][\/vc_column][\/vc_row][vc_row css_animation=&#8220;&#8220; row_type=&#8220;row&#8220; use_row_as_full_screen_section=&#8220;no&#8220; type=&#8220;full_width&#8220; angled_section=&#8220;no&#8220; text_align=&#8220;left&#8220; background_image_as_pattern=&#8220;without_pattern&#8220;][vc_column][vc_empty_space]<blockquote class=' with_quote_icon' style=''><i class='fa fa-quote-right' style=''><\/i><h5 class='blockquote-text' style=''>Durchf\u00fchrungsm\u00f6glichkeiten<\/h5><\/blockquote>[vc_separator type=&#8220;normal&#8220;][vc_empty_space][vc_column_text]Workshops, Impulsvortr\u00e4ge oder Coachings k\u00f6nnen an Ihrem gew\u00e4hlten Ort stattfinden.<\/p>\n<p>Seit 2020 besteht auch die M\u00f6glichkeit Ihre gew\u00fcnschten Veranstaltungen als Webinar durchzuf\u00fchren. Die Kurse finden dann \u00fcber Zoom oder Teams statt (andere Tools nach Vereinbarung).[\/vc_column_text][vc_empty_space]<blockquote class=' with_quote_icon' style=''><i class='fa fa-quote-right' style=''><\/i><h5 class='blockquote-text' style=''>Diese neue M\u00f6glichkeit birgt viele Vorteile f\u00fcr Sie:<\/h5><\/blockquote>[\/vc_column][\/vc_row][vc_row css_animation=&#8220;&#8220; row_type=&#8220;row&#8220; use_row_as_full_screen_section=&#8220;no&#8220; type=&#8220;grid&#8220; angled_section=&#8220;no&#8220; text_align=&#8220;left&#8220; background_image_as_pattern=&#8220;without_pattern&#8220; padding_top=&#8220;73&#8243; padding_bottom=&#8220;69&#8243;][vc_column][vc_row_inner row_type=&#8220;row&#8220; type=&#8220;full_width&#8220; text_align=&#8220;left&#8220; css_animation=&#8220;&#8220;][vc_column_inner width=&#8220;1\/4&#8243;]<div class='service_table_holder' style='border-style:solid;border-width:1px;border-color:#eeeeee;'><ul class='service_table_inner'><li class='service_table_title_holder background_color_type' style='background-color: #f8f8f8;'><div class='service_table_title_inner'><div class='service_table_title_inner2'><i class=\"qode_icon_font_awesome fa fa-check-circle fa-3x\" style=\"\" ><\/i><\/div><\/div><\/li><li class='service_table_content' style='background-color: #f8f8f8;'><\/p>\n<p style=\"text-align: justify;\">Die Teilnehmer*innen sind geografisch unabh\u00e4ngig, die Teilnahme ist \u00fcberall m\u00f6glich, wo die technischen Voraussetzungen gegeben sind, Anreisezeiten entfallen<\/p>\n<p><\/li><\/ul><\/div>[vc_separator type=&#8220;transparent&#8220; up=&#8220;26&#8243; down=&#8220;0&#8243;][\/vc_column_inner][vc_column_inner width=&#8220;1\/4&#8243;]<div class='service_table_holder' style='border-style:solid;border-width:1px;border-color:#eeeeee;'><ul class='service_table_inner'><li class='service_table_title_holder background_color_type' style='background-color: #f8f8f8;'><div class='service_table_title_inner'><div class='service_table_title_inner2'><i class=\"qode_icon_font_awesome fa fa-check-circle fa-3x\" style=\"\" ><\/i><\/div><\/div><\/li><li class='service_table_content' style='background-color: #f8f8f8;'><\/p>\n<p style=\"text-align: justify;\">Ebenso entfallen die zus\u00e4tzlich anfallenden Kosten f\u00fcr Trainerin- und Teilnehmer*innenanreise, die Kosten sind somit geringer und vorab besser planbar<\/p>\n<p><\/li><\/ul><\/div>[vc_separator type=&#8220;transparent&#8220; up=&#8220;26&#8243; down=&#8220;0&#8243;][\/vc_column_inner][vc_column_inner width=&#8220;1\/4&#8243;]<div class='service_table_holder' style='border-style:solid;border-width:1px;border-color:#eeeeee;'><ul class='service_table_inner'><li class='service_table_title_holder background_color_type' style='background-color: #f8f8f8;'><div class='service_table_title_inner'><div class='service_table_title_inner2'><i class=\"qode_icon_font_awesome fa fa-check-circle fa-3x\" style=\"\" ><\/i><\/div><\/div><\/li><li class='service_table_content' style='background-color: #f8f8f8;'><\/p>\n<p style=\"text-align: justify;\">Diese neue M\u00f6glichkeit steigert oft die Motivation der Teilnehmer*innen, da Anreise, Zeitverlust etc. entfallen bzw. geringer sind.<\/p>\n<p><\/li><\/ul><\/div>[vc_separator type=&#8220;transparent&#8220; up=&#8220;26&#8243; down=&#8220;0&#8243;][\/vc_column_inner][vc_column_inner width=&#8220;1\/4&#8243;]<div class='service_table_holder' style='border-style:solid;border-width:1px;border-color:#eeeeee;'><ul class='service_table_inner'><li class='service_table_title_holder background_color_type' style='background-color: #f8f8f8;'><div class='service_table_title_inner'><div class='service_table_title_inner2'><i class=\"qode_icon_font_awesome fa fa-check-circle fa-3x\" style=\"\" ><\/i><\/div><\/div><\/li><li class='service_table_content' style='background-color: #f8f8f8;'><\/p>\n<p style=\"text-align: justify;\">Die Veranstaltungen k\u00f6nnen leichter auch in kleinere Einheiten gesplittet werden und somit f\u00fcr manche besser in den Alltag integriert werden. Sollte z.B. ein Ausfall \u00fcber einen ganzen Arbeitstag ein Problem sein, ist eine Aufteilung auf 2 Halbtage bis hinunter zu 2-Stunden-Einheiten m\u00f6glich.<\/p>\n<p><\/li><\/ul><\/div>[vc_separator type=&#8220;transparent&#8220; up=&#8220;26&#8243; down=&#8220;0&#8243;][\/vc_column_inner][\/vc_row_inner][\/vc_column][\/vc_row][vc_row css_animation=&#8220;&#8220; row_type=&#8220;row&#8220; use_row_as_full_screen_section=&#8220;no&#8220; type=&#8220;full_width&#8220; angled_section=&#8220;no&#8220; text_align=&#8220;left&#8220; background_image_as_pattern=&#8220;without_pattern&#8220;][vc_column][vc_empty_space height=&#8220;250px&#8220;][\/vc_column][\/vc_row]<\/p>\n","protected":false},"excerpt":{"rendered":"<p>[vc_row css_animation=&#8220;&#8220; row_type=&#8220;row&#8220; use_row_as_full_screen_section=&#8220;no&#8220; type=&#8220;full_width&#8220; angled_section=&#8220;no&#8220; text_align=&#8220;left&#8220; background_image_as_pattern=&#8220;without_pattern&#8220;][vc_column][layerslider_vc id=&#8220;8&#8243;][\/vc_column][\/vc_row][vc_row css_animation=&#8220;&#8220; row_type=&#8220;row&#8220; use_row_as_full_screen_section=&#8220;no&#8220; type=&#8220;full_width&#8220; angled_section=&#8220;no&#8220; text_align=&#8220;left&#8220; background_image_as_pattern=&#8220;without_pattern&#8220;][vc_column][vc_empty_space][vc_separator type=&#8220;normal&#8220;][vc_empty_space][vc_column_text]Workshops, Impulsvortr\u00e4ge oder Coachings k\u00f6nnen an Ihrem gew\u00e4hlten Ort stattfinden. Seit 2020 besteht auch die M\u00f6glichkeit Ihre gew\u00fcnschten Veranstaltungen als Webinar durchzuf\u00fchren. Die Kurse finden dann \u00fcber Zoom oder&#8230;<\/p>\n","protected":false},"author":1,"featured_media":0,"parent":16064,"menu_order":0,"comment_status":"closed","ping_status":"closed","template":"","meta":{"footnotes":""},"class_list":["post-16392","page","type-page","status-publish","hentry"],"_links":{"self":[{"href":"https:\/\/www.denktrainer.at\/index.php?rest_route=\/wp\/v2\/pages\/16392","targetHints":{"allow":["GET"]}}],"collection":[{"href":"https:\/\/www.denktrainer.at\/index.php?rest_route=\/wp\/v2\/pages"}],"about":[{"href":"https:\/\/www.denktrainer.at\/index.php?rest_route=\/wp\/v2\/types\/page"}],"author":[{"embeddable":true,"href":"https:\/\/www.denktrainer.at\/index.php?rest_route=\/wp\/v2\/users\/1"}],"replies":[{"embeddable":true,"href":"https:\/\/www.denktrainer.at\/index.php?rest_route=%2Fwp%2Fv2%2Fcomments&post=16392"}],"version-history":[{"count":10,"href":"https:\/\/www.denktrainer.at\/index.php?rest_route=\/wp\/v2\/pages\/16392\/revisions"}],"predecessor-version":[{"id":16456,"href":"https:\/\/www.denktrainer.at\/index.php?rest_route=\/wp\/v2\/pages\/16392\/revisions\/16456"}],"up":[{"embeddable":true,"href":"https:\/\/www.denktrainer.at\/index.php?rest_route=\/wp\/v2\/pages\/16064"}],"wp:attachment":[{"href":"https:\/\/www.denktrainer.at\/index.php?rest_route=%2Fwp%2Fv2%2Fmedia&parent=16392"}],"curies":[{"name":"wp","href":"https:\/\/api.w.org\/{rel}","templated":true}]}}

Durchführungsmöglichkeiten

<p>[vc_row css_animation=&#8220;&#8220; row_type=&#8220;row&#8220; use_row_as_full_screen_section=&#8220;no&#8220; type=&#8220;full_width&#8220; angled_section=&#8220;no&#8220; text_align=&#8220;left&#8220; background_image_as_pattern=&#8220;without_pattern&#8220;][vc_column][layerslider_vc id=&#8220;8&#8243;][/vc_column][/vc_row][vc_row css_animation=&#8220;&#8220; row_type=&#8220;row&#8220; use_row_as_full_screen_section=&#8220;no&#8220; type=&#8220;full_width&#8220; angled_section=&#8220;no&#8220; text_align=&#8220;left&#8220; background_image_as_pattern=&#8220;without_pattern&#8220;][vc_column][vc_empty_space]<blockquote class=' with_quote_icon' style=''><i class='fa fa-quote-right' style=''></i><h5 class='blockquote-text' style=''>Durchführungsmöglichkeiten</h5></blockquote>[vc_separator type=&#8220;normal&#8220;][vc_empty_space][vc_column_text]Workshops, Impulsvorträge oder Coachings können an Ihrem gewählten Ort stattfinden.</p>
<p>Seit 2020 besteht auch die Möglichkeit Ihre gewünschten Veranstaltungen als Webinar durchzuführen. Die Kurse finden dann über Zoom oder Teams statt (andere Tools nach Vereinbarung).[/vc_column_text][vc_empty_space]<blockquote class=' with_quote_icon' style=''><i class='fa fa-quote-right' style=''></i><h5 class='blockquote-text' style=''>Diese neue Möglichkeit birgt viele Vorteile für Sie:</h5></blockquote>[/vc_column][/vc_row][vc_row css_animation=&#8220;&#8220; row_type=&#8220;row&#8220; use_row_as_full_screen_section=&#8220;no&#8220; type=&#8220;grid&#8220; angled_section=&#8220;no&#8220; text_align=&#8220;left&#8220; background_image_as_pattern=&#8220;without_pattern&#8220; padding_top=&#8220;73&#8243; padding_bottom=&#8220;69&#8243;][vc_column][vc_row_inner row_type=&#8220;row&#8220; type=&#8220;full_width&#8220; text_align=&#8220;left&#8220; css_animation=&#8220;&#8220;][vc_column_inner width=&#8220;1/4&#8243;]<div class='service_table_holder' style='border-style:solid;border-width:1px;border-color:#eeeeee;'><ul class='service_table_inner'><li class='service_table_title_holder background_color_type' style='background-color: #f8f8f8;'><div class='service_table_title_inner'><div class='service_table_title_inner2'><i class="qode_icon_font_awesome fa fa-check-circle fa-3x" style="" ></i></div></div></li><li class='service_table_content' style='background-color: #f8f8f8;'></p>
<p style="text-align: justify;">Die Teilnehmer*innen sind geografisch unabhängig, die Teilnahme ist überall möglich, wo die technischen Voraussetzungen gegeben sind, Anreisezeiten entfallen</p>
<p></li></ul></div>[vc_separator type=&#8220;transparent&#8220; up=&#8220;26&#8243; down=&#8220;0&#8243;][/vc_column_inner][vc_column_inner width=&#8220;1/4&#8243;]<div class='service_table_holder' style='border-style:solid;border-width:1px;border-color:#eeeeee;'><ul class='service_table_inner'><li class='service_table_title_holder background_color_type' style='background-color: #f8f8f8;'><div class='service_table_title_inner'><div class='service_table_title_inner2'><i class="qode_icon_font_awesome fa fa-check-circle fa-3x" style="" ></i></div></div></li><li class='service_table_content' style='background-color: #f8f8f8;'></p>
<p style="text-align: justify;">Ebenso entfallen die zusätzlich anfallenden Kosten für Trainerin- und Teilnehmer*innenanreise, die Kosten sind somit geringer und vorab besser planbar</p>
<p></li></ul></div>[vc_separator type=&#8220;transparent&#8220; up=&#8220;26&#8243; down=&#8220;0&#8243;][/vc_column_inner][vc_column_inner width=&#8220;1/4&#8243;]<div class='service_table_holder' style='border-style:solid;border-width:1px;border-color:#eeeeee;'><ul class='service_table_inner'><li class='service_table_title_holder background_color_type' style='background-color: #f8f8f8;'><div class='service_table_title_inner'><div class='service_table_title_inner2'><i class="qode_icon_font_awesome fa fa-check-circle fa-3x" style="" ></i></div></div></li><li class='service_table_content' style='background-color: #f8f8f8;'></p>
<p style="text-align: justify;">Diese neue Möglichkeit steigert oft die Motivation der Teilnehmer*innen, da Anreise, Zeitverlust etc. entfallen bzw. geringer sind.</p>
<p></li></ul></div>[vc_separator type=&#8220;transparent&#8220; up=&#8220;26&#8243; down=&#8220;0&#8243;][/vc_column_inner][vc_column_inner width=&#8220;1/4&#8243;]<div class='service_table_holder' style='border-style:solid;border-width:1px;border-color:#eeeeee;'><ul class='service_table_inner'><li class='service_table_title_holder background_color_type' style='background-color: #f8f8f8;'><div class='service_table_title_inner'><div class='service_table_title_inner2'><i class="qode_icon_font_awesome fa fa-check-circle fa-3x" style="" ></i></div></div></li><li class='service_table_content' style='background-color: #f8f8f8;'></p>
<p style="text-align: justify;">Die Veranstaltungen können leichter auch in kleinere Einheiten gesplittet werden und somit für manche besser in den Alltag integriert werden. Sollte z.B. ein Ausfall über einen ganzen Arbeitstag ein Problem sein, ist eine Aufteilung auf 2 Halbtage bis hinunter zu 2-Stunden-Einheiten möglich.</p>
<p></li></ul></div>[vc_separator type=&#8220;transparent&#8220; up=&#8220;26&#8243; down=&#8220;0&#8243;][/vc_column_inner][/vc_row_inner][/vc_column][/vc_row][vc_row css_animation=&#8220;&#8220; row_type=&#8220;row&#8220; use_row_as_full_screen_section=&#8220;no&#8220; type=&#8220;full_width&#8220; angled_section=&#8220;no&#8220; text_align=&#8220;left&#8220; background_image_as_pattern=&#8220;without_pattern&#8220;][vc_column][vc_empty_space height=&#8220;250px&#8220;][/vc_column][/vc_row]</p>

<p>[vc_row css_animation=&#8220;&#8220; row_type=&#8220;row&#8220; use_row_as_full_screen_section=&#8220;no&#8220; type=&#8220;full_width&#8220; angled_section=&#8220;no&#8220; text_align=&#8220;left&#8220; background_image_as_pattern=&#8220;without_pattern&#8220;][vc_column][layerslider_vc id=&#8220;8&#8243;][/vc_column][/vc_row][vc_row css_animation=&#8220;&#8220; row_type=&#8220;row&#8220; use_row_as_full_screen_section=&#8220;no&#8220; type=&#8220;full_width&#8220; angled_section=&#8220;no&#8220; text_align=&#8220;left&#8220; background_image_as_pattern=&#8220;without_pattern&#8220;][vc_column][vc_empty_space][vc_separator type=&#8220;normal&#8220;][vc_empty_space][vc_column_text]Workshops, Impulsvorträge oder Coachings können an Ihrem gewählten Ort stattfinden. Seit 2020 besteht auch die Möglichkeit Ihre gewünschten Veranstaltungen als Webinar durchzuführen. Die Kurse finden dann über Zoom oder&#8230;</p>
